22103?
22111
In base 13, what is 87 + 8c1?
978
In base 16, what is 931 + -4?
92d
In base 6, what is 5035 + -50?
4545
In base 4, what is 2 - 302230?
-302222
In base 7, what is -5 + -102114?
-102122
In base 11, what is 5 + 1155?
115a
In base 4, what is -112 - 2313121?
-2313233
In base 2, what is 10001101010 - 1010101100?
110111110
In base 4, what is 202112 - -131?
202303
In base 9, what is -1487 - 20?
-1517
In base 2, what is 101 - 1011111100101?
-1011111100000
In base 6, what is 4 + 30454?
30502
In base 9, what is -11 + 263552?
263541
In base 16, what is -1 + -526d?
-526e
In base 7, what is 164 + 6232?
6426
In base 11, what is 65a56 - -4?
65a5a
In base 12, what is 4 - 3811?
-3809
In base 13, what is 82a98 + 3?
82a9b
In base 2, what is 0 - 1001000010101011?
-1001000010101011
In base 16, what is 1 + -191?
-190
In base 4, what is -1031 - -2322?
1231
In base 13, what is 512 + 9b?
5b0
In base 10, what is 504 - 9?
495
In base 8, what is -6414 + 720?
-5474
In base 4, what is 130203 - 221103?
-30300
In base 10, what is 3306809 - -5?
3306814
In base 14, what is -3 - -3?
0
In base 2, what is 101000 + -10101101?
-10000101
In base 9, what is -34384 - -25?
-34358
In base 6, what is 352 - -40?
432
In base 12, what is -1643 - -a?
-1635
In base 6, what is -1031 + 155?
-432
In base 7, what is 1 - -32263?
32264
In base 2, what is 10 + -100111101001011?
-100111101001001
In base 10, what is 4239 + -7?
4232
In base 8, what is -7 + 55074?
55065
In base 12, what is 6540 + -4?
6538
In base 5, what is -123041244 + 3?
-123041241
In base 11, what is 14768 - 11?
14757
In base 9, what is 7147 + 411?
7558
In base 4, what is 30031030 + 331?
30032021
In base 7, what is 302 + 5432?
6034
In base 14, what is -1120 + 49?
-10b5
In base 2, what is -110 - -110010010110000?
110010010101010
In base 4, what is 30 - 101322320?
-101322230
In base 6, what is -4 + -2414043?
-2414051
In base 4, what is -3 + 221000012?
221000003
In base 13, what is -5447 - -2?
-5445
In base 9, what is 2023315 + -4?
2023311
In base 10, what is -505 + -54?
-559
In base 5, what is 12021 + -1142?
10324
In base 11, what is -19 + -34262?
-34280
In base 5, what is -1020423010 - -10?
-1020423000
In base 10, what is -1251 - 114?
-1365
In base 14, what is -1c8 + 4064?
3c7a
In base 12, what is 1ab47 - -4?
1ab4b
In base 13, what is -6 + 2cc4c?
2cc46
In base 16, what is -a + b35?
b2b
In base 16, what is -3b84 + -2f?
-3bb3
In base 11, what is 621 - 817?
-1a6
In base 11, what is 49075 - 7?
49069
In base 6, what is 15111 + -2403?
12304
In base 2, what is -1011011 + 10101101?
1010010
In base 16, what is -92 + 1061?
fcf
In base 9, what is -3 + -355560?
-355563
In base 8, what is -22 + -162050?
-162072
In base 11, what is -1014 + -45a?
-1473
In base 5, what is -3 - 124433?
-124441
In base 12, what is 32 - 5309?
-5297
In base 8, what is -50616 + 4?
-50612
In base 11, what is -13 - 995?
-9a8
In base 6, what is 3135 + 1053?
4232
In base 15, what is -2d176 - -5?
-2d171
In base 7, what is -3525353 - 3?
-3525356
In base 6, what is 4203015 + 2?
4203021
In base 12, what is 142a - 7?
1423
In base 5, what is -320334 + -4?
-320343
In base 14, what is 461 - -577?
9d8
In base 7, what is 2 - 1066364?
-1066362
In base 15, what is -18be - -11?
-18ad
In base 4, what is -2301 - 203020?
-211321
In base 8, what is -5367 - 10?
-5377
In base 11, what is 27908 - 18?
278a0
In base 2, what is -1 + 1001000111000?
1001000110111
In base 4, what is -23 + 111312203?
111312120
In base 16, what is -14f1 - -1d5?
-131c
In base 7, what is -361 - -1063?
402
In base 11, what is 13 + -11a9a3?
-11a990
In base 3, what is 10120000102 + -20?
10120000012
In base 3, what is -22 + 12012212112?
12012212020
In base 11, what is 4 + 15a50?
15a54
In base 6, what is -10 - 2412355?
-2412405
In base 12, what is 4 - -975b?
9763
In base 14, what is 10 + -c32c?
-c31c
In base 4, what is -10 + -121011333?
-121012003
In base 4, what is 100111 - 11?
100100
In base 8, what is -14 - -431341?
431325
In base 12, what is 9313 + -4a?
9285
In base 14, what is -99 + 209?
150
In base 8, what is 26 - 64432?
-64404
In base 6, what is 214040 - -41?
214121
In base 10, what is 29298 + -128?
29170
In base 13, what is 1a - 1641b?
-16401
In base 12, what is 8 - -21ab?
21b7
In base 13, what is 103 + -2aa?
-1a7
In base 8, what is -3 - -451202?
451177
In base 6, what is 21504 + -13?
21451
In base 5, what is -20041 - -41?
-20000
In base 2, what is 1010100001010 + -100100?
1010011100110
In base 13, what is -135c + 1?
-135b
In base 3, what is -1200000 - -221?
-1122002
In base 4, what is -3113 + -23?
-3202
In base 2, what is -10001 - 1110110101?
-1111000110
In base 2, what is -1101111 + -11011000101?
-11100110100
In base 13, what is 2 - b656?
-b654
In base 16, what is -a + -430d?
-4317
In base 5, what is 410230213 + 0?
410230213
In base 9, what is 634 + 31?
665
In base 5, what is 4 - -303401?
303410
In base 16, what is -106 + 45?
-c1
In base 4, what is 10 + -23001110?
-23001100
In base 9, what is 2 + -25113?
-25111
In base 14, what is cd - -5836?
5925
In base 4, what is 10 - -130000201?
130000211
In base 8, what is -103640 + 2?
-103636
In base 10, what is 298 + -210?
88
In base 2, what is -101110010 + 10111?
-101011011
In base 14, what is -a + 5110?
5104
In base 15, what is -4 - -e3a2?
e39d
In base 2, what is 1001 + -1111100100001?
-1111100011000
In base 2, what is 1 - 100010110101?
-100010110100
In base 2, what is -111010011 + -11000?
-111101011
In base 12, what is -365a39 + 5?
-365a34
In base 16, what is -1b380 + 4?
-1b37c
In base 11, what is 1434 - -26?
145a
In base 10, what is -764 + 7?
-757
In base 14, what is b86a + 1b?
b887
In base 6, what is 0 - -133150?
133150
In base 9, what is 3752 + -6?
3745
In base 3, what is -11 + -1000212002011?
-1000212002022
In base 9, what is 4661861 - 0?
4661861
In base 16, what is 2df3 + -10?
2de3
In base 8, what is -4 - -260770?
260764
In base 6, what is -2 + -2023003?
-2023005
In base 16, what is 26 + 63f?
665
In base 14, what is 291264 + 2?
291266
In base 6, what is -1 - -2522?
2521
In base 14, what is -5 + 46b0a?
46b05
In base 2, what is -100 + -1100011011010000100?
-1100011011010001000
In base 3, what is -120 - -21102110?
21101220
In base 6, what is -5 + -2200014?
-2200023
In base 7, what is 4 - 114653?
-114646
In base 6, what is 4531 - -4?
4535
In base 5, what is 4 - 3042402?
-3042343
In base 3, what is -1 - 1200002101?
-1200002102
In base 15, what is 129 + 3a?
164
In base 12, what is 2a8b3 + 20?
2a913
In base 3, what is -21211 + -1202?
-100120
In base 9, what is -64837 - -24?
-64813
In base 11, what is -4 - 1885?
-1889
In base 2, what is 110100 - -10011001010001?
10011010000101
In base 8, what is 1513 - -647?
2362
In base 16, what is -248ba + 1?
-248b9
In base 8, what is 5232 + -1177?
4033
In base 14, what is -80 - -279?
1d9
In base 13, what is -142 + -44b8?
-462a
In base 4, what is -10 - -113022131?
113022121
In base 13, what is 0 + -249ca?
-249ca
In base 13, what is -3 - 8b182?
-8b185
In base 16, what is -2 - -2b70?
2b6e
In base 5, what is -4300314 + 2?
-4300312
In base 16, what is 52d - e?
51f
In base 12, what is 10 - 663?
-653
In base 7, what is 644 - 2110?
-1133
In base 7, what is -2266252 - 0?
-2266252
In base 6, what is -15151351 - 1?
-15151352
In base 3, what is 10 - -121011220?
121012000
In base 7, what is 53 - -21002?
21055
In base 15, what is -10e - -cc?
-32
In base 11, what is -5 - -9301?
92a7
In base 11, what is -21 - 9945?
-9966
In base 6, what is -44 - -335533?
335445
In base 10, what is -1 + 12328?
12327
In base 3, what is 2212 + 1100102?
1110021
In base 5, what is -1103231001 - 3?
-1103231004
In base 16, what is -18 - -1614?
15fc
In base 6, what is 5132552 - 2?
5132550
In base 2, what is -1101100000011111 + -1100?
-1101100000101011
In base 3, what is 11202021001 + -210?
11202020021
In base 5, what is 4124100442 - 1?
4124100441
In base 11, what is -165308 + 0?
-165308
In base 13, what is -8c6b52 + 5?
-8c6b4a
In base 5, what is -332 + -2343?
-3230
In base 4, what is -11 + -11121321?
-11121332
In base 8, what is -1502 + -2114?
-3616
In base 8, what is -70711 + 1?
-70710
In base 13, what is 13 - 40008?
-3ccc5
In base 8, what is -2720 - 530?
-3450
In base 13, what is -8a - 2c35?
-2cc2
In base 15, what is 102bd - 2?
102bb
In base 8, what is 371 + 124